ppose 3*b - 16 = -2*h + 2, 5*b + 2 = 2*h. Suppose -3*r - 23 = -5*c + 5, c - r - 4 = 0. Let w = h + c. Calculate the highest common factor of w and 70.
14
Let a(y) = 10*y**2 - 15*y - 21. Let z be a(3). Let l(b) = -3*b - 6. Let t be l(-4). What is the greatest common divisor of t and z?
6
Suppose 20 = 7*m - 3*m. Suppose g + 33 = m*o - 0*o, -o + 4*g + 18 = 0. What is the highest common divisor of 18 and o?
6
Suppose 21348 + 24594 = 38*k. Calculate the greatest common divisor of 39 and k.
39
Suppose -3*t = -3*m + m - 135, 4*t = -2*m + 194. What is the greatest common factor of 376 and t?
47
Let p be (-234)/(-10) + (-62)/155. Let u = -32 + 55. Calculate the highest common factor of u and p.
23
Let d be (-4 - 2) + (-1164)/(-6). Let k = 40 - -7. What is the greatest common factor of d and k?
47
Suppose 3*h - 21 - 99 = 3*x, 0 = -h + 3*x + 40. Calculate the greatest common factor of h and 220.
20
Suppose -3*t + 5*t - 62 = 0. Let u = t - 27. What is the highest common factor of 36 and u?
4
Suppose 8*g - 5508 + 3108 = 0. Calculate the greatest common divisor of 12 and g.
12
Let i(n) = 3*n**2 + 2*n. Let b be i(-2). Let v be -115*((-8)/(-10) - 1). Let g = v - b. What is the greatest common divisor of 6 and g?
3
Let b(m) = m**2 + m - 4. Let g be 6*((-12)/(-3))/(-8). Let h be b(g). Suppose -4*n = -h*n - 16. What is the greatest common divisor of 8 and n?
8
Suppose -10 + 42 = 2*u. Suppose 0 = 69*a - 13*a - 2688. Calculate the highest common divisor of a and u.
16
Suppose 0 = 3*d - 22*d + 38. Calculate the highest common divisor of d and 12.
2
Let x = -676 - -686. What is the highest common factor of x and 14?
2
Let o(i) = 91*i. Let n be o(3). Suppose 20 = -5*t, 0 = -3*x + 4*t + 5 + 128. Calculate the greatest common divisor of x and n.
39
Let q(h) = -h**3 + 15*h**2 - 37*h + 13. Let r be q(12). What is the greatest common divisor of 263 and r?
1
Suppose 3159 + 47507 = 11*b. What is the greatest common divisor of b and 98?
98
Suppose 0 = -s + 4*x + 82, 154 = -5*s + 2*x + 492. Calculate the greatest common divisor of 176 and s.
22
Let p be -4*(-77)/(-14)*(0 - 2). Suppose -v + 32 = 2*u, 11 + 60 = 3*v + u. Calculate the greatest common factor of v and p.
22
Suppose 0 = -4*s + 8*s + 24. Let g be 9*(s/(-4))/(3/8). What is the greatest common divisor of 90 and g?
18
Let i be 32/(-10)*(-1 - -211)/(-7). Calculate the greatest common divisor of i and 8.
8
Let x = 0 - 7. Let z be 1*(-76)/(-8)*2. Let j = x + z. Calculate the highest common divisor of j and 108.
12
Suppose -33 = -2*f + 3*z, -4*f + z + 118 = 37. Let o = 57 + -54. Let g be o/(-5*(-1)/35). What is the greatest common divisor of g and f?
21
Let q be 3*(-25)/(-45)*2*12. Let g = q - -104. Calculate the highest common divisor of 16 and g.
16
Let w be (-1)/((-2 - -4)/(2*5)). Let n be 8/10 + (-326)/w. Calculate the highest common factor of n and 132.
66
Let g be -1 - (3 - 230) - 0. Let r = g + -154. Let s = 14 - 5. Calculate the greatest common factor of r and s.
9
Let i(f) = 3*f**2 + 12*f + 7. Let m be i(-8). Let g = m + -95. Calculate the greatest common divisor of g and 48.
8
Suppose -4*f - 4 - 20 = -3*g, -4*g = -5*f - 31. Calculate the highest common divisor of g and 76.
4
Let h be 7/14*(287 - -1). Suppose 9*u = 6*u + h. Suppose 0*s - u = -2*s. Calculate the greatest common divisor of s and 120.
24
Suppose -4*f - 2*b + 30 = -0*b, 0 = -f + 4*b - 6. Suppose -3*n - 120 = -f*n. What is the highest common divisor of n and 5?
5
Let l = -194 + 334. Let q(u) = u**3 + 9*u**2 - 3*u - 8. Let g be q(-4). Suppose -2*v - 4*v + g = 0. What is the greatest common factor of v and l?
14
Suppose -14 = 4*o - 10, 3*j + 4*o - 11 = 0. Calculate the greatest common divisor of j and 27.
1
Let r be (-1 + 2)/(4 + (-1914)/480). Suppose -3*q - 2*q + r = 0. Let y = 6 + 138. What is the greatest common divisor of y and q?
16
Let z(x) = x**2 - 9*x - 9. Let t be z(10). Suppose 0 = -o + t + 8. Let y(a) = -3*a - 6. Let n be y(-4). Calculate the highest common divisor of n and o.
3
Suppose 46*o - 96 = 42*o. Calculate the greatest common divisor of 312 and o.
24
Suppose -3*z - 108*o + 117 = -105*o, 0 = 2*z - 5*o - 113. What is the highest common factor of 748 and z?
44
Let g(z) = -z**3 - 3*z**2 + 2. Let n be g(-4). Let a = n + -6. Let c be ((-304)/a)/((-6)/9). Calculate the highest common factor of 19 and c.
19
Let q(o) = 5*o - 19. Let v be q(6). Let w be (23 - 1)*121/22. Calculate the greatest common factor of w and v.
11
Suppose 93*w - 91*w + 4*c = 248, 2*w - 3*c - 269 = 0. Calculate the highest common divisor of 40 and w.
10
Let g(q) = 10*q - 3. Let h be g(-3). Let t be 1 - -1 - h - 2. Calculate the greatest common divisor of t and 33.
33
Let s be 66/(2*1) - (36 + -35). Let m(n) = -n**2. Let y be m(0). Let v = 8 - y. What is the greatest common factor of v and s?
8
Suppose 10*q = 7*q + 480. Calculate the highest common factor of 10 and q.
10
Suppose j - 165 = a, -222 = -3*j - a + 269. Calculate the greatest common factor of 4 and j.
4
Let c(i) = -6*i - 5 + 0 + i**2 + 7. Let k = 22 - 16. Let x be c(k). Calculate the highest common divisor of x and 2.
2
Let j = -487 - -488. Suppose -2*b - 4*w = 134, -b - 4*w - 317 = 4*b. Let x be b*(0 - j) + -1. Calculate the greatest common divisor of 12 and x.
12
Let x be 1220/30 - (-4)/(-6). What is the highest common factor of 24 and x?
8
Let m(y) = -22*y - 104. Let a be m(-16). What is the highest common factor of a and 93?
31
Let t be (-57615)/(-165) + 2/(-11). Let l = 100 - t. Let w be 6/(-27) - l/27. What is the highest common factor of 99 and w?
9
Let t(h) = -4*h - 15. Let w be t(-5). Suppose 2*g + 4 = 4*o, w*o - 1 = 2*g + 5. Calculate the greatest common factor of 2 and g.
2
Let j = -1204 - -1237. What is the highest common factor of 75 and j?
3
Let v be (-17922)/(-319) - (-5)/(110/(-4)). What is the greatest common factor of v and 24?
8
Let i = 105 - 101. Suppose 2*q + 392 = i*f, -3*q - 185 = 4*f - 577. What is the greatest common factor of f and 245?
49
Let l = 539 + -504. What is the greatest common factor of l and 665?
35
Let s = -80 + 17. Let u = 107 + s. Calculate the highest common factor of 11 and u.
11
Let d be 56/20*-1*-10. Suppose 4*h = 3*s - 5*s + 3796, 5734 = 3*s - 2*h. Let m be s/45 + 4/(-10). Calculate the greatest common factor of m and d.
14
Let u(s) = 2*s - 19. Let w be u(12). Suppose 4*r + 4*q = 40, -w*r + 3*q - 7 = -81. Calculate the greatest common divisor of 182 and r.
13
Let h be (20/(-3))/(((-22)/36)/11). Calculate the greatest common divisor of h and 135.
15
Let h(t) = -14*t**2 - 6*t - 3. Let a(b) = 9*b**2 + 4*b + 2. Let x(m) = -7*a(m) - 5*h(m). Let y be x(3). Calculate the highest common divisor of 20 and y.
10
Suppose -315 = 238*r - 245*r. What is the highest common divisor of r and 495?
45
Let q be -4 + (-13)/((-104)/704). Calculate the highest common divisor of 348 and q.
12
Let t(o) = -2*o - 6. Let p be t(-5). Let a(j) = j**3 - 11*j**2 - j + 27. Let r be a(11). Calculate the greatest common factor of p and r.
4
Let r(t) = -52*t - 8. Let l be r(-6). Suppose 2*u + 4*z - 24 = 0, -z + 2 = -2*z. Calculate the greatest common divisor of u and l.
16
Let u(v) = -28*v - 75. Let i be u(-3). Let d be (-12)/9*-21 - 1. What is the greatest common divisor of d and i?
9
Let f(t) = -t**3 - 20*t**2 - 7*t + 21. Suppose 5*l + 38 + 58 = -o, 5*o - 100 = 4*l. Let z be f(l). What is the greatest common factor of z and 23?
23
Suppose -4*a - 3*i + 4527 = 0, 48*i - 4521 = -4*a + 51*i. What is the highest common divisor of a and 78?
39
Suppose -1195 = -6*r - 259. Calculate the highest common divisor of 108 and r.
12
Let b be 3 - ((1 - 4) + 1). Suppose 0 = 3*q - 4*d + 167, -q - 6*d - 51 = -b*d. Let r = q + 89. What is the greatest common factor of 54 and r?
18
Let j be ((-74)/(-4))/((-10)/(-100)*5). Calculate the highest common divisor of 333 and j.
37
Suppose -2*m - 162 = -4*k, -2*k - m = -3*m - 82. Let x be (-844)/(-14) - (1088/(-112) - -10). Calculate the highest common divisor of k and x.
20
Let v(w) = w**3 - 12*w**2 - 14*w + 18. Let u be (-335)/(-25) + (-4)/10. Let t be v(u). Let h = 6 + t. Calculate the highest common divisor of h and 11.
11
Let s(r) = 2*r**2 - 78*r - 100. Let l be s(42). Let a be -2 - 0 - (-26 - -5). What is the highest common divisor of l and a?
19
Let s = 2006 - 1317. Ca